{"id":3,"date":"2024-04-15T12:44:44","date_gmt":"2024-04-15T10:44:44","guid":{"rendered":"http:\/\/mr-flossy.com\/?page_id=3"},"modified":"2024-08-30T08:10:29","modified_gmt":"2024-08-30T06:10:29","slug":"mentions-legales","status":"publish","type":"page","link":"https:\/\/mr-flossy.com\/index.php\/mentions-legales\/","title":{"rendered":"Mentions L\u00e9gales"},"content":{"rendered":"\n<p><\/p>\n\n\n\n<h2 class=\"wp-block-heading has-vivid-cyan-blue-color has-text-color has-link-color wp-elements-e947481b2400a9aec1b68aa9ed5679df\"><strong>Mentions L\u00e9gales<\/strong><\/h2>\n\n\n\n<p>Mr-Flossy.com est \u00e9dit\u00e9 par la soci\u00e9t\u00e9 My Candy Shop dont le si\u00e8ge <br>social est situ\u00e9 6 Chemin de la Botte, 38080 Saint Alban de Roche. SARL au capital de 360 000\u20ac, Immatricul\u00e9 au RCS de Vienne sous le num\u00e9ro 794 445 023.<br>Num\u00e9ro de TVA FR 73 794 445 023.<br>E-mail : commercial@revendeur-candyshop.com<br>Standard : 09 50 51 80 78 &#8211; Les bureaux sont ouverts du lundi au vendredi de 9h \u00e0 16h<br>H\u00e9bergement : OVH, 2 rue Kellermann, 59100 ROUBAIX<\/p>\n\n\n\n<h3 class=\"wp-block-heading has-vivid-cyan-blue-color has-text-color has-link-color wp-elements-50869ad7bd1d5dc6aac753af5c9826d2\"><strong>D\u00e9claration \u00e0 la CNIL<\/strong><\/h3>\n\n\n\n<p>Conform\u00e9ment \u00e0 la loi \u00abInformatique et Libert\u00e9s \u00bb du 6 janvier 1978, les personnes ayant fourni des informations personnelles ont un droit de regard total sur celles-ci. Pour exercer vos droits d&rsquo;acc\u00e8s et de modification sur ces donn\u00e9es, envoyer un courrier \u00e9lectronique \u00e0 l&rsquo;adresse suivante : <a href=\"mailto:contact@my-candyshop.com\">commercial@revendeur-candyshop.com<\/a>.<br>De plus, aucune information personnelle n&rsquo;est collect\u00e9e \u00e0 l&rsquo;insu des utilisateurs du site, ni c\u00e9d\u00e9e \u00e0 des tiers, ni utilis\u00e9e \u00e0 des fins personnelles.<\/p>\n\n\n\n<p><\/p>\n\n\n\n<p><\/p>\n","protected":false},"excerpt":{"rendered":"<p>Mentions L\u00e9gales Mr-Flossy.com est \u00e9dit\u00e9 par la soci\u00e9t\u00e9 My Candy Shop dont le si\u00e8ge social est situ\u00e9 6 Chemin de [&hellip;]<\/p>\n","protected":false},"author":1,"featured_media":0,"parent":0,"menu_order":0,"comment_status":"closed","ping_status":"open","template":"","meta":{"site-sidebar-layout":"default","site-content-layout":"","ast-site-content-layout":"","site-content-style":"default","site-sidebar-style":"default","ast-global-header-display":"","ast-banner-title-visibility":"","ast-main-header-display":"","ast-hfb-above-header-display":"","ast-hfb-below-header-display":"","ast-hfb-mobile-header-display":"","site-post-title":"","ast-breadcrumbs-content":"","ast-featured-img":"","footer-sml-layout":"","theme-transparent-header-meta":"","adv-header-id-meta":"","stick-header-meta":"","header-above-stick-meta":"","header-main-stick-meta":"","header-below-stick-meta":"","astra-migrate-meta-layouts":"default","ast-page-background-enabled":"default","ast-page-background-meta":{"desktop":{"background-color":"var(--ast-global-color-4)","background-image":"","background-repeat":"repeat","background-position":"center center","background-size":"auto","background-attachment":"scroll","background-type":"","background-media":"","overlay-type":"","overlay-color":"","overlay-gradient":""},"tablet":{"background-color":"","background-image":"","background-repeat":"repeat","background-position":"center center","background-size":"auto","background-attachment":"scroll","background-type":"","background-media":"","overlay-type":"","overlay-color":"","overlay-gradient":""},"mobile":{"background-color":"","background-image":"","background-repeat":"repeat","background-position":"center center","background-size":"auto","background-attachment":"scroll","background-type":"","background-media":"","overlay-type":"","overlay-color":"","overlay-gradient":""}},"ast-content-background-meta":{"desktop":{"background-color":"var(--ast-global-color-5)","background-image":"","background-repeat":"repeat","background-position":"center center","background-size":"auto","background-attachment":"scroll","background-type":"","background-media":"","overlay-type":"","overlay-color":"","overlay-gradient":""},"tablet":{"background-color":"var(--ast-global-color-5)","background-image":"","background-repeat":"repeat","background-position":"center center","background-size":"auto","background-attachment":"scroll","background-type":"","background-media":"","overlay-type":"","overlay-color":"","overlay-gradient":""},"mobile":{"background-color":"var(--ast-global-color-5)","background-image":"","background-repeat":"repeat","background-position":"center center","background-size":"auto","background-attachment":"scroll","background-type":"","background-media":"","overlay-type":"","overlay-color":"","overlay-gradient":""}},"footnotes":""},"class_list":["post-3","page","type-page","status-publish","hentry"],"_links":{"self":[{"href":"https:\/\/mr-flossy.com\/index.php\/wp-json\/wp\/v2\/pages\/3","targetHints":{"allow":["GET"]}}],"collection":[{"href":"https:\/\/mr-flossy.com\/index.php\/wp-json\/wp\/v2\/pages"}],"about":[{"href":"https:\/\/mr-flossy.com\/index.php\/wp-json\/wp\/v2\/types\/page"}],"author":[{"embeddable":true,"href":"https:\/\/mr-flossy.com\/index.php\/wp-json\/wp\/v2\/users\/1"}],"replies":[{"embeddable":true,"href":"https:\/\/mr-flossy.com\/index.php\/wp-json\/wp\/v2\/comments?post=3"}],"version-history":[{"count":10,"href":"https:\/\/mr-flossy.com\/index.php\/wp-json\/wp\/v2\/pages\/3\/revisions"}],"predecessor-version":[{"id":247,"href":"https:\/\/mr-flossy.com\/index.php\/wp-json\/wp\/v2\/pages\/3\/revisions\/247"}],"wp:attachment":[{"href":"https:\/\/mr-flossy.com\/index.php\/wp-json\/wp\/v2\/media?parent=3"}],"curies":[{"name":"wp","href":"https:\/\/api.w.org\/{rel}","templated":true}]}}